m(o) = 2*o**2 + 39*o - 64. What is m(-21)?
-1
Let a(i) = i**2 - 16*i + 13. Calculate a(8).
-51
Let v(n) = -n**2 + 13. Give v(-4).
-3
Let l(s) = -5*s + 18. Calculate l(4).
-2
Let n(w) = -w - 4. What is n(-10)?
6
Let l(f) = f**2 + 19*f - 56. Determine l(3).
10
Let l(b) = -2*b - 9. What is l(-5)?
1
Let q(p) = -p**3 - 3*p**2 + 11*p + 31. Determine q(-3).
-2
Let l(v) = -12*v + 97. Calculate l(7).
13
Let j(v) = -v**3 - 8*v**2 + 5. What is j(-8)?
5
Let v(n) = 8*n - 1. What is v(2)?
15
Let o(l) = -l**3 - 27*l**2 - 27*l - 26. Give o(-26).
0
Let j(r) = -r**3 + 14*r**2 + 21*r - 87. Give j(15).
3
Let g(j) = -2*j**3 - 16*j**2 - 12*j + 3. Give g(-7).
-11
Let z(i) = 7*i - 109. Determine z(18).
17
Let s(t) = -6*t - 10. Give s(14).
-94
Let j(u) = u**3 - 3*u**2 - 26*u - 16. Calculate j(7).
-2
Let a(q) = -q**3 - 4*q**2 + 8*q + 9. Give a(-6).
33
Let c(n) = n**3 - 11*n + 8. Determine c(3).
2
Let y(w) = -4*w - 36. Calculate y(-10).
4
Let j(a) = -3*a**2 - 22*a - 24. Give j(-1).
-5
Let v(t) = 3*t + 2. Calculate v(6).
20
Let s(g) = -3*g**3 + 5*g**2 - 3*g + 8. Calculate s(4).
-116
Let j(u) = -u**2 + 9*u + 59. What is j(14)?
-11
Let m(x) = x**3 + x**2 - 2*x + 1. Calculate m(2).
9
Let p(f) = 33*f - 30. Determine p(1).
3
Let k(i) = i**2 - 5*i - 71. Calculate k(10).
-21
Let k(s) = 2*s + 9. Determine k(-6).
-3
Let s(u) = u**3 - 10*u**2 - 6*u + 59. Give s(10).
-1
Let q(j) = -38*j + 198. Give q(5).
8
Let u(w) = -w**3 - 10*w**2 - 9*w + 3. Give u(-9).
3
Let r(y) = y**3 + 5*y**2 - 6*y + 20. Calculate r(-7).
-36
Let x(t) = -20*t**2 + t. Determine x(-1).
-21
Let i(l) = -2*l - 4. Give i(-1).
-2
Let z(b) = -2*b**3 - 5*b**2 - 5*b + 4. What is z(-4)?
72
Let g(s) = s**3 - 11*s**2 + 8*s + 27. Calculate g(10).
7
Let w(q) = 15*q**2 - 3*q + 5. Determine w(2).
59
Let o(f) = 2*f**2 + 20*f + 41. What is o(-8)?
9
Let n(o) = -o**3 - 8*o**2 + o + 54. Determine n(-7).
-2
Let s(r) = 9*r**2 + 49*r - 1. Give s(-5).
-21
Let n(k) = 59*k + 1. Give n(1).
60
Let b(n) = -2*n**3 - 12*n**2 + 12*n - 4. What is b(-7)?
10
Let m(w) = w**2 - w - 1. Give m(0).
-1
Let l(f) = -f**2 + 11*f - 16. Give l(8).
8
Let i(b) = -b**3 - 6*b**2 + 9*b + 20. Determine i(-7).
6
Let s(n) = -n**3 - 11*n**2 + 4*n - 7. Calculate s(-11).
-51
Let u(z) = z. What is u(2)?
2
Let q(i) = i**3 + 14*i**2 + 11*i - 19. What is q(-13)?
7
Let c(u) = u**3 + 17*u**2 - 19*u - 36. What is c(-18)?
-18
Let f(t) = -2*t**3 - 23*t**2 - 8*t + 22. Give f(-11).
-11
Let b(p) = 9*p - 255. Determine b(30).
15
Let u(d) = -17*d - 6. Give u(-5).
79
Let l(h) = -h**2 + 8*h - 17. Give l(4).
-1
Let p(v) = 7*v - 1. Give p(1).
6
Let z(n) = 3*n**3 + 6*n**2 + 16*n - 4. What is z(-3)?
-79
Let p(d) = -2*d**2 + d - 23. What is p(5)?
-68
Let k(v) = -v**3 - 7*v**2 - 7*v - 1. What is k(-6)?
5
Let n(u) = -u**3 - 15*u**2 + u + 2. Calculate n(-15).
-13
Let p(a) = -a**3 + a**2 - 4*a + 106. Calculate p(0).
106
Let n(r) = -9*r**3 + r**2 + 5*r + 2. Determine n(-2).
68
Let k(p) = 2*p + 13. Calculate k(-7).
-1
Let q(a) = -a - 27. Determine q(-14).
-13
Let t(c) = -14*c + 1. Give t(1).
-13
Let u(f) = 2*f**2 + 63*f - 116. Calculate u(-33).
-17
Let x(q) = -74*q**3 - 2*q**2 + 4*q - 1. What is x(1)?
-73
Let w(c) = c + 44. Calculate w(-9).
35
Let j(l) = -2*l + 60. Give j(22).
16
Let f(i) = -i**3 - 5*i**2 + 6*i + 10. Calculate f(-4).
-30
Let i(x) = x**3 - 7*x**2 - 15*x + 11. What is i(7)?
-94
Let a(z) = z**3 + 11*z**2 + 33*z + 38. Give a(-7).
3
Let z(d) = -5*d + 10. Give z(8).
-30
Let d(x) = x**2 + 22*x + 80. Calculate d(-17).
-5
Let k(f) = f**3 - 21*f**2 + 40*f - 26. Determine k(19).
12
Let c(r) = r**3 - 15*r**2 - 31*r - 32. What is c(17)?
19
Let m(x) = 8*x**2 - x - 1. Determine m(-1).
8
Let m(q) = q**3 + 6*q**2 + q + 6. Calculate m(-6).
0
Let b(g) = 6*g + 48. Calculate b(-9).
-6
Let n(s) = -3*s**2 + 2*s + 3. Calculate n(4).
-37
Let m(s) = 3*s**3 - s**2. Calculate m(1).
2
Let u(z) = z**3 - 4*z**2 + 2. What is u(5)?
27
Let s(t) = -3*t**3 + 10*t**2 - 4*t - 6. Calculate s(3).
-9
Let n(d) = d**2 - 16*d - 27. Calculate n(19).
30
Let q(w) = w**2 - w + 55. Calculate q(0).
55
Let j(c) = 2*c**3 - 4*c**2 - 7*c - 2. Give j(4).
34
Let w(c) = -c**3 - 17*c**2 - 18*c - 25. Calculate w(-16).
7
Let k(h) = -h**3 - 2*h**2 - h + 4. What is k(0)?
4
Let n(o) = 55*o - 225. Determine n(4).
-5
Let q(d) = -27*d**3 - d**2 + 2*d. Determine q(1).
-26
Let v(j) = j**2 + 5*j. Determine v(-5).
0
Let t(n) = n + 44. Calculate t(-16).
28
Let u(b) = -3*b**2 - 10*b - 14. Determine u(-2).
-6
Let y(n) = n**3 - 10*n**2 + 11*n - 2. What is y(9)?
16
Let o(t) = -36*t**2 - 2. Calculate o(-1).
-38
Let a(j) = j**3 + 5*j**2 + 3*j + 6. Calculate a(-5).
-9
Let q(a) = -17*a - 5. Give q(-2).
29
Let g(l) = l**2 + 4*l + 6. Calculate g(-3).
3
Let b(t) = -50*t + 11. What is b(1)?
-39
Let s(y) = -y**3 + 6*y**2 + 12*y - 5. Determine s(7).
30
Let c(u) = -u**2 - 21*u + 28. Determine c(-22).
6
Let b(c) = 5*c**3 - c + 1. Give b(1).
5
Let n(c) = c**2 + 12*c - 23. Determine n(2).
5
Let u(z) = -z**3 + 5*z**2 + 8*z - 2. Give u(7).
-44
Let i(n) = n - 3. What is i(7)?
4
Let h(v) = -v**3 + 5*v**2 - 16*v + 69. What is h(5)?
-11
Let v(z) = 4*z + 10. Determine v(4).
26
Let c(k) = -k**3 - 15*k**2 + 17*k + 11. Determine c(-16).
-5
Let w(z) = z**3 + 12*z**2 + 32*z + 38. Give w(-9).
-7
Let u(i) = i - 4. What is u(-6)?
-10
Let d(u) = 11*u - 37. Calculate d(3).
-4
Let q(c) = -c**3 - 19*c**2 + c + 43. Give q(-19).
24
Let w(s) = 2*s**2 - 7*s + 2. Calculate w(-5).
87
Let h(q) = -3*q - 50. Calculate h(-18).
4
Let s(f) = 2*f + 5. Calculate s(-4).
-3
Let s(r) = -r**3 - 8*r**2 + 7*r + 3. Give s(-7).
-95
Let t(p) = 10*p**2 + 2*p. Determine t(-2).
36
Let y(j) = -2*j**2 + 15*j + 125. Give y(12).
17
Let q(v) = v**2 + 11*v - 15. Calculate q(-13).
11
Let g(r) = 4*r + 96. Determine g(-20).
16
Let o(r) = r**3 - 4*r**2 - 6*r + 8. Calculate o(4).
-16
Let v(p) = 5*p**3 - 7*p**2 + 10*p - 3. Calculate v(1).
5
Let x(u) = -27*u - 140. Give x(-5).
-5
Let n(g) = -2*g**2 - 28*g + 55. Give n(-16).
-9
Let y(x) = x**3 + 26*x**2 + 48*x + 7. Give y(-24).
7
Let y(o) = o + 11. Give y(-13).
-2
Let q(o) = -2*o**3 + 62*o**2 - 62*o + 63. What is q(30)?
3
Let y(g) = 4*g**2 - 29*g - 13. What is y(8)?
11
Let z(s) = -s**2 - 18*s + 8. What is z(-18)?
8
Let k(v) = 43*v**3 - 5*v + 4. What is k(1)?
42
Let g(k) = k**3 - k**2 - 5*k + 2. Give g(5).
77
Let l(r) = -9*r + 22. Calculate l(-5).
67
Let f(b) = 34*b + 148. Give f(-4).
12
Let t(f) = -f**2 - f + 2. What is t(-3)?
-4
Let z(g) = -g**2 - 12*g + 43. What is z(-15)?
-2
Let w(i) = -i**2 - 4*i - 2. Calculate w(-10).
-62
Let a(d) = -4*d - 24. Give a(9).
-60
Let f(w) = -3*w**3 - 2*w - 1. What is f(2)?
-29
Let l(f) = 2*f**2 + 18*f + 22. Calculate l(-8).
6
Let o(m) = 2*m**2 + 13*m - 12. Determine o(1).
3
Let d(l) = -l**2 + 5*l + 55. Give d(10).
5
Let h(r) = r**2 - 8*r + 14. Give h(13).
79
Let m(c) = -c**2 + 23*c - 28. Calculate m(22).
-6
Let z(k) = 7*k - 83. Determine z(12).
1
Let q(i) = -6*i - 4. Give q(-3).
14
Let w(v) = 26*v - 7. Calculate w(-1).
-33
Let l(b) = -10*b**2 + 4. Determine l(2).
-36
Let m(z) = z**2 + 4*z + 5. Calculate m(-8).
37
Let a(x) = -2*x**2 - 8*x - 9. Calculate a(-3).
-3
Let u(b) = -b**3 - 13*b**2 + 69*b + 16. Calculate u(-17).
-1
Let k(w) = -14*w + 4. Determine k(3).
-38
Let w(r) = -4*r - 4. Determine w(4).
-20
Let p(z) = 3*z**2 - 3*z - 6. Give p(-3).
30
Let o(p) = p**3 + 7*p**2 - 2*p + 1. What is o(-7)?
15
Let j(c) = -27*c**2 - 4*c + 4. Calculate j(2).
-112
Let g(r) = -3*r + 32. Calculate g(11).
-1
Let k(p) = 9*p**2 - 13*p - 33. What is k(-3)?
87
Let g(r) = -r**3 + 2*r**2 - 2*r + 3. Give g(2).
-1
Let j(z) = -z**3 - 8*z**2 + 8*z + 4. Calculate j(-9).
13
Let o(w) = w**3 + 8*w + 9. Calculate o(0).
9
Let h(y) = -y**2 + 20*y - 66. What is h(4)?
-2
Let r(y) = -y**2 - 6*y - 9. What is r(-8)?
-25
Let a(q) = 3*q + 5. What is a(7)?
26
Let u(r) = -r**3 - 11*r**2 + 2*r + 20. Give u(-11).
-2
Let c(h) = h**2 - 12*h + 1. Determine c(10).
-19
Let u(r) = 16*r + 2. What is u(4)?
66
Let s(d) = -d**3 + 6*d**2 + 4*d - 17. Give s(6).
7
Let j(u) = -5*u**2 + 31*u + 1. Calculate j(6).
7
Let w(o) = o**3 + 25*o**2 + 2*o + 45. What is w(-25)?
-5
Let k(f) = 5*f + 57. What is k(-10)?
7
Let a(z) = -4*z + 145. Calculate a(39).
-11
Let v(z) = z**2 - 6*z + 2. What is v(4)?
-6
Let c(i) = i**3 + 60*i**2 + 52*i - 405. Calculate c(-59).
8
Let b(v) = 13*v - 96. Determine b(7).
-5